73 - a. Let o(d) = d - 1. Calculate o(j).
-5
Suppose -25 = -6*d + 23. Let z(s) = 2*s**2 - 6*s - 7. Calculate z(d).
73
Let d be 328 - 0*5/25. Let k = -324 + d. Let h(x) = x**3 - 2*x**2 - x + 2. Determine h(k).
30
Let v(z) = -37*z + 134. Let g(n) = 18*n - 54. Let w(y) = 5*g(y) + 2*v(y). Give w(-5).
-82
Let m(u) = -374*u + 152*u + 133 + 247*u. Determine m(-6).
-17
Let n = -370 + 479. Let l = 119 - n. Let t(g) = g**2 - 8*g - 3. Give t(l).
17
Let t(d) = -d - 2. Let o be t(-3). Let a be (2 - (-16)/(-10))/((-8)/(-20)). Let f(u) = -3 + a + 0 + 3 + 6*u**3 - u**2. What is f(o)?
6
Let w(i) = -2*i**2 + i. Let m(l) = -2*l**3 - 6*l**2 - 11*l - 2. Let o be m(-2). Suppose o*h = -22 - 2. What is w(h)?
-10
Let w(r) = 6*r**3 - 2*r**2 + 1. Let g(q) = -4 + 4*q + q - 5*q + 11*q. Let s be g(2). Let i = s - 17. Determine w(i).
5
Let v(l) be the second derivative of -2*l**3/3 - 27*l**2 - 62*l - 1. What is v(-13)?
-2
Let l(b) = -b + 3. Let c(u) = u**2 - 28. Let o be c(-8). Let n be 1/6 + -2 + 66/o. Determine l(n).
3
Let u be (-8)/(3/((-6)/4)). Let d(v) = 3 - 6 + 1 + u + 3*v. Suppose -31*a - 21 = 134. Determine d(a).
-13
Let f(m) = -m**2 - 2*m + 9. Let a be f(-3). Let y(n) be the second derivative of 4/3*n**3 - 1/12*n**4 + 0 - 2*n**2 + 5*n. What is y(a)?
8
Let w(r) = -5*r**2 + 14*r - 15. Let l(n) = -2*n**2 + 5*n - 5. Let z(q) = 8*l(q) - 3*w(q). Let d be z(-3). Let t(g) = -5*g**2 + g**2 + 2*g**d. Calculate t(3).
-18
Let y be -2 - 2 - (-6)/2. Let v be (2*-10)/y*-2. Let x = v - -36. Let n(r) = r**3 + 3*r**2 - 6*r - 4. Give n(x).
4
Let v(b) = -25*b + 30. Let o(w) = 1058*w - 1265. Let j(s) = 6*o(s) + 253*v(s). Determine j(-2).
-46
Let q(s) = s**2 + 2*s - 3. Suppose 11*f - 92 = 7. Suppose 4*n = 12, 0 = 4*m + f*n - 4*n + 1. Determine q(m).
5
Let o(g) = 46*g + 7. Let u be o(4). Let q = u - 190. Let p(a) = 2*a. Calculate p(q).
2
Let z(m) = -m**2 - m - 1. Let w(h) = h**3 - 7*h**2 + 6*h + 2. Let a be w(6). Suppose -5 = 15*k - 20*k. Let g be k/(((-1)/(-2))/(a/(-4))). What is z(g)?
-1
Let p be 3/24 - (-814)/16. Suppose -49 = -2*f - p. Let g(q) = -2*q + 1. Calculate g(f).
3
Let g be (-2)/18 + ((-480)/54 - -14). Let f(q) be the third derivative of 0 + 10*q**2 + 1/12*q**4 + 1/60*q**g - 1/2*q**3 + 0*q. Determine f(-6).
21
Let o(w) = 7*w**2 + 6*w + 13. Let x(a) = -3*a**2 - 3*a - 6. Let t(f) = 2*o(f) + 5*x(f). Give t(-3).
-4
Let g(z) = 9*z**3 + 119*z**2 - 75*z + 149. Let m(d) = -5*d**3 - 63*d**2 + 38*d - 75. Let x(b) = -4*g(b) - 7*m(b). What is x(-36)?
1
Let g(w) = w**2 - 23*w - 54. Let l be g(28). Let r(a) = l + a - 32 - 24 - 22. Determine r(-10).
-2
Let b be 4/(-3) - (-35)/15. Let n(l) = 1 + 79*l + 2 - 76*l + l**2 - b. What is n(-4)?
6
Let f be -1 + 12/10 - 2086/(-745). Let v(j) = 6*j**2 - 2*j. Calculate v(f).
48
Suppose -195*u + 177*u - 162 = 0. Let c(g) = 2*g**2 + 12*g + 8. Give c(u).
62
Let l = -57 + 50. Let o(h) = 7*h - 20. Let a be o(4). Let d(p) = 4*p - p**3 - 1 - 9*p - 3*p - a*p**2. What is d(l)?
6
Let v = 939 - 946. Let t(b) be the third derivative of -b**5/60 - b**4/4 + b**3/6 + 35*b**2. Calculate t(v).
-6
Let r(n) = -7*n - 33 - 33 - 19 + 66. Determine r(0).
-19
Let x(p) = 3*p**3 + p**2 - 2*p + 1. Let k(c) = 17*c**3 + 13*c**2 - 13*c + 16. Let v(s) = k(s) - 6*x(s). Calculate v(8).
-62
Suppose -55*r = -57*r - 2. Let p(g) = 5*g - 1. Let l(m) = m + 1. Let t(x) = r*l(x) - p(x). Determine t(1).
-6
Let u(h) = 36*h**3 + 24*h**3 + 65*h**2 + 98 - 99 + 3*h - 66*h**2. Give u(1).
61
Let v = 1149 + -1153. Let m(i) = 4*i + 2. Determine m(v).
-14
Let l = 14 + -6. Let h = l - 4. Let m(q) = -207*q - 1. Let f(g) = 331*g + 2. Let x(s) = 5*f(s) + 8*m(s). What is x(h)?
-2
Let k(z) = -18*z - 1. Let w = 314 - 334. Let o(t) = 2*t**2 + 39*t - 21. Let l be o(w). Give k(l).
17
Let n(i) be the second derivative of -i**3/3 + 11*i**2/2 + i - 875. Calculate n(10).
-9
Let u(i) = i**2 - 8*i. Let p = 49 - 73. Let t = 5 + p. Let a = -12 - t. Calculate u(a).
-7
Let f(w) = 5*w - 3. Let z(i) = 9*i - 6. Let a(c) = c**2 - 33*c - 63. Let o be a(35). Let t(n) = o*f(n) - 4*z(n). Give t(8).
-5
Let c(y) = -5*y + 109. Let r(m) = 2*m - 35. Let x(g) = -c(g) - 3*r(g). Let p(t) be the third derivative of t**4/24 + t**3/6 - t**2. Let j be p(-4). Give x(j).
-1
Let h(g) = -8*g - 495. Let w(c) = -4*c - 212. Let k(b) = 3*h(b) - 7*w(b). Let j = 18 + -19. Calculate k(j).
-5
Let r(i) be the first derivative of -10*i**2 + 285*i - 5115. Calculate r(14).
5
Let h(c) be the second derivative of -c**5/5 + c**3/3 - c**2/2 + 3*c + 943. What is h(-2)?
27
Let z be (609/105 + -6)*0/(-1). Let x(v) be the third derivative of 0*v**5 + 15*v**2 + 0 + z*v - 11/120*v**6 + 1/6*v**3 + 0*v**4. Calculate x(1).
-10
Let g be 1*(-1)/(-6) + (-29710)/60. Let t be (-6)/(-4) + -2 - g/(-18). Let n = 30 + t. Let i(h) = -3*h + 3. Calculate i(n).
-3
Let x(n) = -n**3 + 3*n - 5422*n**2 + 2702*n**2 - 1 + 2721*n**2. Suppose t - 9 = 5*j, 4*t + 3*j - 17 = -4. Give x(t).
-37
Let h(m) = m**3 - 5*m**2 + 4*m - 5. Let v(y) = -y**3 - 7*y**2 - 4*y + 2. Let b be v(-5). Let t = -72 - -39. Let f = b - t. What is h(f)?
15
Let u(b) be the third derivative of 0*b**3 - 1/12*b**4 + 0*b + 59*b**2 + 0. What is u(-4)?
8
Suppose 0 = 9*v - 4*v + 20, -6 = 5*g + 4*v. Let y(l) = 1 + 2*l**3 - l**3 + 25*l - 27*l + g + 5*l**2. Give y(-5).
13
Suppose 4*y = 3*y + 5. Let n(m) = m**2 - 4*m. Let s be n(y). Let p(q) = -100*q + 4 + 181*q - 80*q - 15. What is p(s)?
-6
Let q(p) be the third derivative of p**6/360 - p**5/120 - p**4/2 - 151*p**3/6 - 9*p**2 + 3*p. Let w(x) be the first derivative of q(x). Give w(0).
-12
Suppose 2587 = 194*g - 393*g. Let s(c) = -c**2 - 15*c - 33. What is s(g)?
-7
Let q(l) = -l**2 + 4*l + 6. Let t(r) = r**2 - 3*r - 2. Let v be t(-1). Suppose 0 = 5*p - 8 + 23, -v*p + 24 = 5*g. Calculate q(g).
-6
Let r(m) = -18013 + 8998 - 3*m**2 + 9006 + 2*m**2 - m**3 + 6*m**2. Calculate r(6).
-45
Suppose 15 = 6*h - 81. Let v(k) = -h*k + 11 + 19 - 31. Calculate v(-2).
31
Let m(w) = -w - 23. Let u(n) be the third derivative of -n**6/8 + n**5/30 - n**3/6 - 9*n**2 - 3*n. Let k be u(1). What is m(k)?
-9
Let t(b) = 1. Suppose 19*y - 63 = -25. Let k(v) = v. Let q(p) = y*t(p) + k(p). Calculate q(-4).
-2
Suppose 0 = 3*d - 51 + 3. Suppose 2*t = -d - 22. Let r(n) = -n**3 - 19*n**2 + 2*n + 33. Let p be r(t). Let a(h) = -h - 6. Determine a(p).
-1
Let j(n) = n + 2. Let h = 101 + -105. Let s be (-2 - h) + 5 + -1. What is j(s)?
8
Let v(z) = z**2 + 74*z - 398. Let m be v(5). Let f(l) = -l**3 - 2*l**2 + 3*l - 3. Determine f(m).
-3
Let z(t) = -71*t - 1376. Let l(n) = 36*n + 635. Let p(r) = -13*l(r) - 6*z(r). Calculate p(-1).
43
Let m be 78 + -95 - -21*1. Let y = 5 - 3. Let d(w) = 5*w - y*w - 2 - 2. What is d(m)?
8
Let l(n) = 33*n - 25. Suppose 0 = -5*u - 4*q + 29, -10*u - 2*q = -6*u - 16. Calculate l(u).
8
Let k(n) = 14*n**2 - 41*n + 41. Let v(o) = -o**2 + 2*o. Let t(h) = -k(h) - 13*v(h). Give t(6).
13
Let y(m) be the second derivative of -78*m + 2/3*m**3 + 0 + 9/2*m**2. Determine y(-4).
-7
Let j(q) = q**2 - 6*q - 6. Suppose 6*o - 224 = -2*o. Suppose -3*x - x = -o. Suppose n - x = -0*n. Give j(n).
1
Let w(h) = 60*h**3 - 62*h**2 - 205*h - 166. Let a(d) = -11*d**3 + 13*d**2 + 41*d + 33. Let k(m) = 11*a(m) + 2*w(m). Give k(21).
10
Let m(x) = 5*x**2 + 5*x - 4. Suppose 0 = -3*j - u + 1, 3*u + 2 = -4*j. Let y be m(j). Let b(k) = 6*k - 8. Calculate b(y).
28
Let b(y) = y**3 - 20 + 613*y**2 - 3*y**3 + 3*y**3 - 633*y**2 + 7 - 21*y. What is b(21)?
-13
Let v(d) = 6*d + 3. Suppose -2*l + 1635 = -17*l. Let j = l - -104. Let h(o) = o + 2. Let s(p) = j*h(p) + v(p). Calculate s(7).
0
Let n(z) = z**2 - 2*z + 10. Let t be n(0). Suppose -f - 4 = -5*f. Let p(x) = t*x**2 - 9*x**2 + 5 - f - 8*x. Give p(8).
4
Let x(r) = r**3 - 12*r**2 + 20*r + 11. Let p be x(10). Let h(n) = 1 + n**3 - p*n + 43*n**2 + 10*n + 7*n - 38*n**2. Calculate h(-4).
-7
Let l(s) = 51*s**2 + 12*s - 24. Let d(b) = 19*b**2 + 4*b - 9. Let i(r) = 8*d(r) - 3*l(r). What is i(-6)?
-12
Suppose 0*x - 5*x + 30 = 0. Suppose 2*a - 16 = -4*u, 25*a + 14 = -3*u + 30*a. Suppose z = -u*n + x*z + 31, -n - 12 = 3*z. Let i(q) = 2*q + 4. What is i(n)?
10
Suppose 0 = -5*k + 175 - 65. Let l(w) = -21 + k - w + w**2 - 5*w**2. Let i = 94 - 93. Determine l(i).
-4
Let w(y) = y**2 - y + 2. Let j(g) = -2*g**2 + 12*g - 17. Let v(c) = -j(c) - w(c). Determine v(9).
-3
Let r(c) = -121 + 8*c + 95 